pose -17*s - 12366 = -2*a - 13*s, a - 3*s = 6179. Suppose 5*j + 1691 = a. What is the hundreds digit of j?
9
Let x = -95 + 96. Let l = -6 - -3. What is the units digit of (-6)/(-9) - x/l?
1
Let o(r) be the second derivative of 8*r**4/3 - r**3 + 10*r**2 + 30*r - 5. What is the tens digit of o(4)?
0
Let j(q) = 90*q + 81. Let n(y) = -y - 1. Let b(u) = -2*j(u) - 198*n(u). Let t be b(12). Let s = -165 + t. What is the units digit of s?
7
Suppose 16 = 8*u - 6*u. Suppose -u*t - 60 = -18*t. What is the tens digit of 75 - 7/(21/t)?
7
Let g = 30 - 29. Let l(u) = -6 + 12*u**2 - g + 6. What is the tens digit of l(2)?
4
Let h = -3024 - -3461. What is the units digit of h?
7
Suppose 0 = -0*h + 11*h + 330. Let p = h - -31. What is the tens digit of (24/48)/(-1*p/(-360))?
8
Suppose -j - 5 = -4*u + 7, u + 4*j = 3. Let z(r) = r**2 + 5*r - 6. Let v be z(u). Suppose 4*q = -a + v + 6, 4*a - 21 = -q. What is the units digit of a?
4
Let r be (-4634)/8 - -1 - 45/60. Let g = -127 - r. What is the units digit of g?
2
Let k(d) = -367*d + 758. What is the units digit of k(-5)?
3
Let d = 33132 + -18298. What is the thousands digit of d?
4
Let b be (-4)/(-14) - 3122/(-49). Suppose -9*y - 1 + b = 0. Suppose 126 = 2*v - 2*t, -y*t + 20 = -2*t. What is the units digit of v?
7
Let p be (-3)/5 + (-516)/(-10). Suppose 0 = -d - 3*z - 36, 0 = 4*d - 2*z + 98 + 18. Let m = d + p. What is the units digit of m?
1
Let v = 28301 + -16232. What is the hundreds digit of v?
0
Suppose 4*i - 29819 = 28501. What is the tens digit of i?
8
Let u(o) = -2*o**2 + 10. Let q be u(-3). Let c be 4 - q/(-2 + 4). Let w = c + 121. What is the hundreds digit of w?
1
Let c = -57 - -55. Let m be ((-1 - c)/(-4))/((-4)/32). Let l(k) = 27*k**2 - 6*k + 2. What is the tens digit of l(m)?
9
Let v = 10277 - 8876. What is the units digit of v?
1
Suppose -4*t + 2072 = -2*u, 5*t - 2491 - 101 = 3*u. Let p = 977 - t. What is the units digit of p?
1
Suppose -5*x = 27*x - 320. What is the hundreds digit of (1145/x - 6)*6?
6
Let p(b) = 4*b**2 - 12*b + 79. Let y be p(-29). Suppose -541 = -6*c + y. What is the hundreds digit of c?
7
Suppose 978*k = 975*k + 3*l + 60870, 20280 = k + 4*l. What is the hundreds digit of k?
2
Suppose -216 = 3*c - 11*c. Let q = c - 23. Suppose -5*r + m - 4*m = -183, 141 = q*r - 3*m. What is the tens digit of r?
3
Let s = 11 - 8. Let x = -282 - -286. Suppose x*i = -4*j + 33 + 91, 0 = s*i - 3. What is the tens digit of j?
3
Suppose r = -u + 3688, -3*r - u = -1501 - 9555. What is the tens digit of r?
8
Let n(s) = -s**3 - 4*s**2 - 4*s - 3. Let g be n(-4). Let q(v) = -v**2 + 22*v + 23. Let i be q(23). Suppose i*b - g = -b. What is the tens digit of b?
1
Let y(j) = -29*j - 44. Let k be (1 - -2) + 32/(-32). Let g be (-152)/16 - 3/k. What is the hundreds digit of y(g)?
2
What is the ten thousands digit of (9 + 185801/(-21))*(-12)/(-8)*-1?
1
Let r = 10508 + 33544. What is the thousands digit of r?
4
Let p = 292 - 288. Let m(o) = 30*o + 5. What is the tens digit of m(p)?
2
Let b(u) = 6*u**2 + 6*u**2 + 9*u**2 + 12*u + 4*u**2 - 20 - 9*u**2. What is the hundreds digit of b(6)?
6
Let r(k) = -k**3 + 12*k**2 - 5*k + 13. Let n be r(12). Let m = n - -173. Suppose 71*j = 69*j + m. What is the tens digit of j?
6
Let m(p) = 312*p**2 + 20*p + 32. What is the thousands digit of m(-6)?
1
Suppose 244*y - 283*y + 459771 = 0. What is the thousands digit of y?
1
Suppose 3*q - 2*s + 19 = -9, -8 = -4*s. Let k(y) be the third derivative of y**5/12 + y**4/4 - y**3/6 - 2*y**2. What is the tens digit of k(q)?
7
Let k(f) = -170*f**3 + f**2 + f - 1. Let b be k(-1). Suppose b = 4*q - 75. What is the tens digit of q?
6
What is the ten thousands digit of 24424 - 4/2 - (-13 + 16 + 0)?
2
Let d(q) = 36*q + 18216. What is the ten thousands digit of d(0)?
1
Let g be 6 - (24/4 + -2). Suppose 5*p - 7 = -g. What is the tens digit of (2/4 - p)/((-14)/1876)?
6
Suppose 0 = b - f - 8733, -10*b + 3*f + 8745 = -9*b. What is the units digit of b?
7
Suppose 25*g - 7*g - 118368 = 0. Let f be (1/3)/(16/g). Let k = f + -58. What is the tens digit of k?
7
Let c(u) = u**3 + 86*u**2 + 147*u + 669. What is the tens digit of c(-84)?
3
Let k(b) = 537*b - 6869. What is the units digit of k(130)?
1
Let v(b) = b + 4. Let t be v(0). Let x(p) be the third derivative of p**5/20 - p**4/8 - 5*p**3/6 - 113*p**2. What is the units digit of x(t)?
1
Suppose 0 = -4*g + 5*a + 59963, -g = -2*a - 1255 - 13732. What is the tens digit of g?
9
Let l be 2/((-4)/(-309))*(-12)/(-9). Let k = l + -44. What is the tens digit of k?
6
What is the thousands digit of (9/(-6))/((-96)/1508608)?
3
What is the units digit of 4905/(-195) + 25 - -1873*30/26?
1
Let x(t) = -21*t + 5. Let l(q) = 5*q**2 + 3*q. Let s(z) = -6*z**2 - 3*z + 1. Let r(f) = -7*l(f) - 6*s(f). Let h be r(4). What is the tens digit of x(h)?
4
Let p be (12230/40)/(3 - 26/8). Let a = -217 - p. What is the tens digit of a?
0
Suppose -18*w - 60 = -8*w. What is the tens digit of -1 + (-15)/(-9) + (-1412)/w?
3
Let h(c) = -16*c + 26. Let a(o) = 49*o - 79. Let u(b) = 3*a(b) + 8*h(b). Let j be u(10). Let d = j + -68. What is the tens digit of d?
9
Let c(w) = -6*w**3 - 6*w**2 + 314*w + 21. What is the thousands digit of c(-24)?
1
Let k be 7 + -2 - 6 - -977. Suppose 2*p - 2*j - k = 0, 2*p - 2*j + j - 971 = 0. What is the tens digit of p?
8
Let h(m) = 2*m - 1. Let a(n) = -59*n + 18. Let s(u) = -a(u) + 4*h(u). What is the units digit of s(2)?
2
Let z(l) = l**2 + l - 1. Let h be z(-1). Let k be h/(-1)*(3 - 1). Suppose 0 = b - 5*a - 20, k*b + 0*a - 47 = 3*a. What is the units digit of b?
5
Let z(y) = 255*y**3 + 3*y**2 - 5*y + 1. Let i = -324 + 325. What is the hundreds digit of z(i)?
2
Suppose 5*d = -h - 151 + 1380, 0 = -4*d - h + 983. Suppose -7*r - d = -3690. What is the hundreds digit of r?
4
Suppose 26 = -38*d + 37*d. What is the tens digit of (-287)/(-91) + -3 - 4676/d?
8
Let g = -14 - -16. Suppose -5*u = -x - g + 1, 4*u - 2 = 2*x. What is the tens digit of -3 + 68 + u + -3?
6
Let a(s) = 1150*s + 14807. What is the hundreds digit of a(48)?
0
Let a = 1856 + -2659. Let c = a - -1368. What is the units digit of c?
5
Let p = -1 - 1. Let j(g) = 36*g**2 - 10*g**2 - g + 31*g - 2 - 10*g - 23*g. What is the units digit of j(p)?
8
Let k = -430 + 1031. Let l = -339 + k. What is the hundreds digit of l?
2
What is the tens digit of (60/200*-6)/((-6)/247990)?
9
Let o(a) = -141*a - 6. Let j be o(-1). Let l = j - 63. What is the tens digit of l?
7
What is the tens digit of ((-9 - 4) + 6)/((-2)/174) - -5?
1
Suppose -2*y - 2*l + 11870 = 0, 21*y + 5*l = 23*y - 11870. What is the thousands digit of y?
5
Let d be (-28)/35 - -193*(-24)/(-15). Suppose 0 = 2*r - 10, 2439 - d = 2*f - r. What is the units digit of f?
8
Let z(v) = -3809*v + 381. What is the units digit of z(-4)?
7
Let j(u) = 17*u - 286. Let y be j(17). What is the units digit of (-4)/14 - ((-224130)/70)/y?
7
Let a(n) = -n**2 - 2*n - 2*n**3 - 97 + 3*n + 98 - 2*n**3. Let s be a(-1). Suppose -v + 3*o + 140 = v, 152 = 2*v + s*o. What is the tens digit of v?
7
Let l(x) = 103*x**2 - 3*x + 6. What is the thousands digit of l(-5)?
2
Let q(a) = -160837*a**3 + 2*a + 1. Let j be q(-1). What is the hundreds digit of (6/(-8))/((-117)/j)?
0
Suppose 0 = 2*r + 3*a + 21, -3*r - 14 = -8*a + 9*a. Let j(m) = -285*m - 16. What is the hundreds digit of j(r)?
8
What is the tens digit of 4 + 393305/20 - -7 - 2/8?
7
Let l = 18744 + -10179. What is the thousands digit of l?
8
Let g(x) = -12*x**3 - 2*x**2 - x + 1. Suppose 11*d + 36 = -25*d. What is the units digit of g(d)?
2
Let b(t) = 20*t - 118. Let a be b(9). Let h be (-1)/2 - 134/4. Let v = h + a. What is the tens digit of v?
2
Let u be 1*7 - 8*3/8. Suppose -3*t - 774 = -5*t - u*d, -t - 5*d + 390 = 0. What is the units digit of t?
5
Let d(h) be the second derivative of -h**4/12 - 5*h**3/6 + 5*h**2/2 + 2*h - 89. What is the units digit of d(0)?
5
Let j be ((-10)/6)/(1/(-9)). Suppose 0 = 5*s - j - 10. Suppose -6*d = s*d - 1309. What is the units digit of d?
9
Let y be ((-48)/5)/(18/(-45)). Suppose -17*f - 1785 = -y*f. What is the tens digit of f?
5
Let b(m) = -115*m + 63581. What is the ten thousands digit of b(0)?
6
Let h(f) = -176*f - 802. What is the units digit of h(-14)?
2
What is the hundreds digit of (1 - 32195)/(17/(102/(-12)))?
0
Let l = 13071 + -6493. Wha